{"id":367,"date":"2023-01-25T09:20:59","date_gmt":"2023-01-25T08:20:59","guid":{"rendered":"https:\/\/ecumm.fr\/?page_id=367"},"modified":"2023-10-16T11:24:23","modified_gmt":"2023-10-16T09:24:23","slug":"a-propos","status":"publish","type":"page","link":"https:\/\/ecumm.fr\/index.php\/a-propos\/","title":{"rendered":"A propos"},"content":{"rendered":"<p>[et_pb_section fb_built=\u00a0\u00bb1&Prime; _builder_version=\u00a0\u00bb4.18.0&Prime; _module_preset=\u00a0\u00bbdefault\u00a0\u00bb global_colors_info=\u00a0\u00bb{}\u00a0\u00bb][et_pb_row column_structure=\u00a0\u00bb1_2,1_2&Prime; _builder_version=\u00a0\u00bb4.18.0&Prime; _module_preset=\u00a0\u00bbdefault\u00a0\u00bb global_colors_info=\u00a0\u00bb{}\u00a0\u00bb][et_pb_column type=\u00a0\u00bb1_2&Prime; _builder_version=\u00a0\u00bb4.18.0&Prime; _module_preset=\u00a0\u00bbdefault\u00a0\u00bb global_colors_info=\u00a0\u00bb{}\u00a0\u00bb][et_pb_image src=\u00a0\u00bbhttp:\/\/ecumm.fr\/wp-content\/uploads\/2023\/01\/presentation-Isa-In.jpeg\u00a0\u00bb title_text=\u00a0\u00bbpresentation Isa In\u00a0\u00bb _builder_version=\u00a0\u00bb4.18.0&Prime; _module_preset=\u00a0\u00bbdefault\u00a0\u00bb global_colors_info=\u00a0\u00bb{}\u00a0\u00bb][\/et_pb_image][\/et_pb_column][et_pb_column type=\u00a0\u00bb1_2&Prime; _builder_version=\u00a0\u00bb4.18.0&Prime; _module_preset=\u00a0\u00bbdefault\u00a0\u00bb global_colors_info=\u00a0\u00bb{}\u00a0\u00bb][et_pb_text _builder_version=\u00a0\u00bb4.18.0&Prime; _module_preset=\u00a0\u00bbdefault\u00a0\u00bb global_colors_info=\u00a0\u00bb{}\u00a0\u00bb]<\/p>\n<p>\u00a0N\u00e9e en Corse d&rsquo;un p\u00e8re m\u00e9decin militaire et d&rsquo;une m\u00e8re auxiliaire de vie, j&rsquo;ai v\u00e9cu toute mon enfance \u00e0 l&rsquo;\u00e9tranger, voyageant de Tahiti \u00e0 Madagascar en passant par la Centrafrique et l&rsquo;Allemagne.<\/p>\n<p>Dipl\u00f4m\u00e9e d&rsquo;une \u00e9cole sup\u00e9rieure de commerce, j&rsquo;ai men\u00e9 en parall\u00e8le une vie professionnelle dans la banque et comme artiste peintre.<\/p>\n<p>J&rsquo;ai exerc\u00e9 pendant plus de 30 ans des m\u00e9tiers de management et d&rsquo;accompagnement d&rsquo;\u00e9quipes dans des secteurs aussi vari\u00e9s que\u00a0 les activit\u00e9s de march\u00e9 de taux et devises, la gestion priv\u00e9e, le marketing, la strat\u00e9gie et le r\u00e9glementaire.\u00a0<\/p>\n<p>L&rsquo;humain a toujours \u00e9tait au c\u0153ur de mes pr\u00e9occupations. Les diff\u00e9rents stages et formations suivies en d\u00e9veloppement personnel m&rsquo;ont donn\u00e9s envie de me former d&rsquo;abord comme facilitatrice en intelligence collective puis comme coach professionnelle et praticienne narrative.<\/p>\n<p>Ce parcours riche en diversit\u00e9 m&rsquo;a conduit \u00e0 fonder la soci\u00e9t\u00e9 ECUMM pour accompagner aussi bien les \u00e9quipes que les individus vers le meilleur d&rsquo;eux m\u00eame.\u00a0<\/p>\n<p>Convaincue que \u00ab\u00a0seul on va plus vite, ensemble on va plus loin\u00a0\u00bb ECUMM accompagne les \u00e9quipes \u00e0 construire d&rsquo;autres sch\u00e9mas plus efficients et respectueux, \u00e0 tirer partie des diff\u00e9rences pour d\u00e9velopper les forces vers une entreprise r\u00e9g\u00e9n\u00e9rative.<\/p>\n<p>&nbsp;<\/p>\n<p>&nbsp;<\/p>\n<p>&nbsp;<\/p>\n<p>&nbsp;<\/p>\n<p>[\/et_pb_text][\/et_pb_column][\/et_pb_row][\/et_pb_section]<\/p>\n","protected":false},"excerpt":{"rendered":"<p>\u00a0N\u00e9e en Corse d&rsquo;un p\u00e8re m\u00e9decin militaire et d&rsquo;une m\u00e8re auxiliaire de vie, j&rsquo;ai v\u00e9cu toute mon enfance \u00e0 l&rsquo;\u00e9tranger, voyageant de Tahiti \u00e0 Madagascar en passant par la Centrafrique et l&rsquo;Allemagne. Dipl\u00f4m\u00e9e d&rsquo;une \u00e9cole sup\u00e9rieure de commerce, j&rsquo;ai men\u00e9 en parall\u00e8le une vie professionnelle dans la banque et comme artiste peintre. J&rsquo;ai exerc\u00e9 pendant [&hellip;]<\/p>\n","protected":false},"author":1,"featured_media":0,"parent":0,"menu_order":0,"comment_status":"closed","ping_status":"closed","template":"","meta":{"_et_pb_use_builder":"on","_et_pb_old_content":"","_et_gb_content_width":"","footnotes":""},"class_list":["post-367","page","type-page","status-publish","hentry"],"_links":{"self":[{"href":"https:\/\/ecumm.fr\/index.php\/wp-json\/wp\/v2\/pages\/367","targetHints":{"allow":["GET"]}}],"collection":[{"href":"https:\/\/ecumm.fr\/index.php\/wp-json\/wp\/v2\/pages"}],"about":[{"href":"https:\/\/ecumm.fr\/index.php\/wp-json\/wp\/v2\/types\/page"}],"author":[{"embeddable":true,"href":"https:\/\/ecumm.fr\/index.php\/wp-json\/wp\/v2\/users\/1"}],"replies":[{"embeddable":true,"href":"https:\/\/ecumm.fr\/index.php\/wp-json\/wp\/v2\/comments?post=367"}],"version-history":[{"count":6,"href":"https:\/\/ecumm.fr\/index.php\/wp-json\/wp\/v2\/pages\/367\/revisions"}],"predecessor-version":[{"id":435,"href":"https:\/\/ecumm.fr\/index.php\/wp-json\/wp\/v2\/pages\/367\/revisions\/435"}],"wp:attachment":[{"href":"https:\/\/ecumm.fr\/index.php\/wp-json\/wp\/v2\/media?parent=367"}],"curies":[{"name":"wp","href":"https:\/\/api.w.org\/{rel}","templated":true}]}}

<p>[et_pb_section fb_built= »1&Prime; _builder_version= »4.18.0&Prime; _module_preset= »default » global_colors_info= »{} »][et_pb_row column_structure= »1_2,1_2&Prime; _builder_version= »4.18.0&Prime; _module_preset= »default » global_colors_info= »{} »][et_pb_column type= »1_2&Prime; _builder_version= »4.18.0&Prime; _module_preset= »default » global_colors_info= »{} »][et_pb_image src= »http://ecumm.fr/wp-content/uploads/2023/01/presentation-Isa-In.jpeg » title_text= »presentation Isa In » _builder_version= »4.18.0&Prime; _module_preset= »default » global_colors_info= »{} »][/et_pb_image][/et_pb_column][et_pb_column type= »1_2&Prime; _builder_version= »4.18.0&Prime; _module_preset= »default » global_colors_info= »{} »][et_pb_text _builder_version= »4.18.0&Prime; _module_preset= »default » global_colors_info= »{} »]</p>
<p> Née en Corse d&rsquo;un père médecin militaire et d&rsquo;une mère auxiliaire de vie, j&rsquo;ai vécu toute mon enfance à l&rsquo;étranger, voyageant de Tahiti à Madagascar en passant par la Centrafrique et l&rsquo;Allemagne.</p>
<p>Diplômée d&rsquo;une école supérieure de commerce, j&rsquo;ai mené en parallèle une vie professionnelle dans la banque et comme artiste peintre.</p>
<p>J&rsquo;ai exercé pendant plus de 30 ans des métiers de management et d&rsquo;accompagnement d&rsquo;équipes dans des secteurs aussi variés que  les activités de marché de taux et devises, la gestion privée, le marketing, la stratégie et le réglementaire. </p>
<p>L&rsquo;humain a toujours était au cœur de mes préoccupations. Les différents stages et formations suivies en développement personnel m&rsquo;ont donnés envie de me former d&rsquo;abord comme facilitatrice en intelligence collective puis comme coach professionnelle et praticienne narrative.</p>
<p>Ce parcours riche en diversité m&rsquo;a conduit à fonder la société ECUMM pour accompagner aussi bien les équipes que les individus vers le meilleur d&rsquo;eux même. </p>
<p>Convaincue que « seul on va plus vite, ensemble on va plus loin » ECUMM accompagne les équipes à construire d&rsquo;autres schémas plus efficients et respectueux, à tirer partie des différences pour développer les forces vers une entreprise régénérative.</p>
<p>&nbsp;</p>
<p>&nbsp;</p>
<p>&nbsp;</p>
<p>&nbsp;</p>
<p>[/et_pb_text][/et_pb_column][/et_pb_row][/et_pb_section]</p>

<p> Née en Corse d&rsquo;un père médecin militaire et d&rsquo;une mère auxiliaire de vie, j&rsquo;ai vécu toute mon enfance à l&rsquo;étranger, voyageant de Tahiti à Madagascar en passant par la Centrafrique et l&rsquo;Allemagne. Diplômée d&rsquo;une école supérieure de commerce, j&rsquo;ai mené en parallèle une vie professionnelle dans la banque et comme artiste peintre. J&rsquo;ai exercé pendant [&hellip;]</p>
